ase 12) to base 2.
-1100010010110001000100
What is -10011011011110100101101 (base 2) in base 9?
-10524548
Convert 2506230 (base 8) to base 3.
1022010100122
Convert -67384 (base 12) to base 9.
-227881
Convert 1690 (base 10) to base 5.
23230
What is -21210012122 (base 3) in base 15?
-30612
What is -303300424 (base 6) in base 2?
-10011110110000110000000
What is -11303415 (base 7) in base 8?
-3623122
What is 22214243 (base 5) in base 3?
100220102022
What is 1300031 (base 7) in base 15?
34c12
Convert 1100101100110101 (base 2) to base 16.
cb35
Convert 1ed16 (base 15) to base 12.
4a419
What is 5257a (base 12) in base 14?
2b4aa
What is 1044022200 (base 5) in base 7?
25542025
-17a22b6 (base 12) to base 6
-253505550
Convert -33306 (base 11) to base 13.
-18c93
Convert -100011110011011101 (base 2) to base 8.
-436335
-330546 (base 7) to base 4
-32020233
-211210210122 (base 3) to base 5
-103331134
Convert 2719719 (base 10) to base 8.
12277747
-1201234030 (base 5) to base 4
-22201133300
What is -7d696 (base 14) in base 2?
-1001010101011100100
Convert -10200021103 (base 4) to base 10.
-1180243
1430400031 (base 5) to base 16
396954
What is 1982718 (base 12) in base 4?
110211112010
-13817580 (base 9) to base 12
-236ab69
What is 3433102 (base 6) in base 9?
286842
Convert 13844483 (base 9) to base 10.
6879243
What is 62dab7 (base 16) in base 5?
3124303034
1010001010010011101 (base 2) to base 3
121220201202
-11201220202 (base 3) to base 8
-266103
Convert -107b32 (base 13) to base 9.
-652016
What is 529145 (base 12) in base 10?
1301381
Convert -24536546 (base 8) to base 3.
-101012111012001
Convert 564c14 (base 13) to base 10.
2038664
What is 11386405 (base 9) in base 12?
1a370b8
-33551055 (base 6) to base 12
-41548b
-54061 (base 10) to base 6
-1054141
What is -100002200010 (base 3) in base 9?
-302603
3402212 (base 6) to base 7
1313150
What is -26a71a (base 12) in base 8?
-2342606
Convert -478ba0 (base 15) to base 12.
-1190050
Convert -245235035 (base 6) to base 14.
-8b2ad1
What is -1210413 (base 7) in base 6?
-3144210
What is 5544542 (base 6) in base 12?
115152
What is -11111111010001110010111 (base 2) in base 13?
-196b59a
What is 11976681 (base 10) in base 14?
183a973
Convert -3003002322 (base 4) to base 9.
-1446803
Convert -934b5 (base 12) to base 14.
-50237
-16053830 (base 9) to base 4
-132202321302
Convert -ab026 (base 12) to base 13.
-7c083
-167198 (base 15) to base 8
-4113216
What is -1026c6 (base 15) in base 4?
-2323122231
Convert 3223020202 (base 4) to base 14.
1b0db4
Convert 10234024 (base 7) to base 10.
865750
Convert 1022222202 (base 3) to base 4.
12121331
41240040 (base 5) to base 11
210129
What is -1601720 (base 8) in base 11?
-294445
61155b (base 15) to base 10
4611461
What is -1200420334 (base 5) in base 9?
-5147756
Convert -1043302 (base 8) to base 9.
-466387
Convert 3233505 (base 7) to base 14.
a3d75
What is 1124c2 (base 13) in base 3?
202120200001
410073a (base 11) to base 8
33514471
What is -45249 (base 14) in base 9?
-275210
Convert 2041214201 (base 5) to base 16.
40b989
8673d (base 14) to base 11
202384
aa187 (base 11) to base 10
159936
14c89b0 (base 14) to base 10
10165694
7a439 (base 11) to base 4
130121203
Convert -1050015253 (base 6) to base 16.
-af2b31
What is 12120304 (base 5) in base 6?
2234553
385336 (base 9) to base 4
321001110
What is -573a01 (base 14) in base 12?
-bb1881
-10131442 (base 5) to base 11
-57703
Convert -2044232 (base 6) to base 4.
-120101330
-14ca6b (base 13) to base 16
-7d690
What is -128579 (base 14) in base 4?
-2123223333
Convert 122111121 (base 4) to base 3.
12110222000
What is 2778834 (base 10) in base 4?
22212123102
What is -31a1a9 (base 14) in base 13?
-46a6b8
Convert -10001100100111110 (base 2) to base 11.
-4a103
What is 11011201112120 (base 3) in base 11?
1285a77
What is -24c6a5 (base 14) in base 6?
-43025453
Convert 669557 (base 12) to base 16.
18edd3
-3de06 (base 16) to base 13
-8b48b
Convert -61161 (base 14) to base 7.
-1661551
What is 20211030 (base 4) in base 11?
24453
Convert -1110111101100010000010 (base 2) to base 8.
-16754202
Convert -203050030 (base 6) to base 12.
-1210916
6fe7 (base 16) to base 3
1110022000
What is -bc026 (base 14) in base 9?
-763783
Convert 1000011011010011010010011 (base 2) to base 11.
9a80118
-5516211 (base 7) to base 8
-2451755
Convert -224146 (base 9) to base 7.
-1066266
111210031 (base 4) to base 7
515350
What is -232324534 (base 6) in base 2?
-10000011110100001101010
10c746 (base 13) to base 10
398898
What is 13315450 (base 6) in base 16?
6cd56
What is -175403 (base 10) in base 6?
-3432015
123322344 (base 5) to base 15
be29e
9482b7 (base 16) to base 7
145504325
What is -6248816 (base 9) in base 2?
-1100101111010011011011
What is -5738b (base 14) in base 11?
-135307
Convert 4e8e (base 15) to base 13.
7841
What is 30211310300 (base 4) in base 10?
3300656
Convert 211011200202110 (base 3) to base 12.
3b43610
What is -3555440 (base 7) in base 11?
-288873
-1110120020112 (base 3) to base 16
-be1fc
Convert -1d1686 (base 15) to base 2.
-101011011010000001111
Convert -343444210 (base 5) to base 15.
-2084a5
2220332030 (base 4) to base 3
1022011101122
31a9453 (base 11) to base 12
1a78975
What is -3255141 (base 6) in base 3?
-22021210021
Convert 8ac7ad (base 16) to base 10.
9095085
568180 (base 14) to base 5
1223120001
Convert 31535025 (base 6) to base 7.
10623221
What is -1100041232 (base 5) in base 14?
-451190
What is 12233241323 (base 5) in base 12?
4b30036
What is 1b609 (base 16) in base 5?
12042022
Convert -522860 (base 15) to base 16.
-3b9ccd
Convert -152614 (base 8) to base 4.
-31112030
What is -10110111 (base 4) in base 15?
-5390
-60235461 (base 7) to base 11
-28a4636
-804bb0 (base 13) to base 8
-13276416
4847866 (base 9) to base 14
4c6763
-116a1 (base 11) to base 15
-4ea9
a22007 (base 14) to base 9
11242436
Convert 10035055 (base 6) to base 5.
33104224
Convert 11329 (base 12) to base 4.
11212101
What is -345d (base 15) in base 3?
-120020121
414666 (base 7) to base 11
49668
Convert -314451412 (base 6) to base 13.
-11c11c4
What is 423421 (base 5) in base 12?
82a4
What is -246768a (base 11) in base 16?
-416381
101100011100111000 (base 2) to base 5
21311242
156094 (base 10) to base 14
40c58
Convert -10026352 (base 7) to base 16.
-cac7b
What is 1010222101110 (base 3) in base 15?
c09d6
What is 100121201120121 (base 3) in base 9?
10551517
-2080470 (base 9) to base 4
-10100121231
Convert 1966663 (base 10) to base 14.
3929dd
222111010002 (base 3) to base 16
7f466
Convert -999885 (base 12) to base 8.
-11243245
Convert 11acc3a (base 13) to base 7.
64565263
What is -12b92 (base 14) in base 12?
-22890
Convert 5b826 (base 12) to base 14.
331dc
What is 1010111011100 (base 2) in base 15?
19d1
What is -12603131 (base 10) in base 13?
-27c3698
Convert -105402 (base 7) to base 5.
-1044340
2556550 (base 12) to base 10
7330956
What is -213aa06 (base 13) in base 4?
-212222023310
Convert 122412302 (base 5) to base 13.
17935c
Convert -10000111220 (base 3) to base 8.
-164040
What is 2138477 (base 9) in base 14?
21c448
What is 1102100201 (base 3) in base 10?
27964
Convert 76100 (base 13) to base 8.
640436
What is 185919 (base 12) in base 9?
716483
Convert -457a1 (base 11) to base 15.
-1491c
211222102010202 (base 3) to base 14
189c3da
Convert -110010111000011000101 (base 2) to base 14.
-315869
6618770 (base 9) to base 11
2009714
71a39 (base 11) to base 5
11330240
111213323 (base 4) to base 11
605aa
61098 (base 14) to base 5
24431444
425824 (base 9) to base 16
3dec1
What is -680150 (base 9) in base 6?
-12415500
What is -1bb724 (base 15) in base 3?
-2112211200121
What is -170517 (base 16) in base 9?
-2748406
Convert -545256 (base 8) to base 6.
-3531010
11010231013 (base 4) to base 13
3774a0
Convert -12243441 (base 5) to base 10.
-118621
Convert -1132286 (base 9) to base 16.
-9561f
Convert 767618 (base 11) to base 15.
193095
Convert -1450243 (base 6) to base 15.
-19ec9
What is -210411031 (base 5) in base 14?
-18a037
Convert 132130002 (base 7) to base 10.
8494740
Convert 31aa0 (base 14) to base 2.
11101010100011100
Convert 15547010 (base 8) to base 7.
42346252
What is 110111011010 (base 3) in base 9?
414133
What is -221110212022 (base 3) in base 2?
-1111010011011001100
1837665 (base 9) to base 2
111110110100